096/(-4 - -12) + 10?
2
Suppose 10 = -0*a + 2*a. Let k = a + 34. What is the units digit of k?
9
Let k(u) = -u + 6. Let t be k(3). Let r be (0 - (-1)/2)*102. Suppose 6*y = t*y + r. What is the tens digit of y?
1
Let b be 51/12 - (-1)/(-4). Let z = b + 18. What is the tens digit of z?
2
Suppose -86*u = -81*u - 27720. What is the hundreds digit of u?
5
What is the tens digit of 1/(-10) + 0 + (-1955)/(-50)?
3
Let m = 5885 - 1495. What is the tens digit of m?
9
Suppose -3*t + 48 - 9 = 0. Let m = 1 - 20. Let s = t - m. What is the tens digit of s?
3
What is the hundreds digit of (-3 - -3581)*1/((-2)/(-1))?
7
Suppose -3*a + 15 = 2*a. Suppose -a*k + 594 = -0*k. What is the units digit of k?
8
Let y = 38 + -23. Let w = 7 + -10. Let q = w + y. What is the units digit of q?
2
Let b(a) = -a - 2 + 6 + 2 + 6. What is the units digit of b(-9)?
1
Let g(n) = -2*n**3 + n**2 + n + 1. Let m be g(-1). Suppose 0 = -2*x - 6, m*f - 2*x - 204 = 3*x. What is the units digit of f?
3
Suppose 14*a = 5*x + 16*a - 2950, -3*x + 2*a = -1754. What is the hundreds digit of x?
5
Suppose 0 = 3*w - 0*w - 21. Let u = w - -6. What is the tens digit of u?
1
Suppose 0 = 3*r - 0*r - 3*i + 3, -2*r - 2*i + 2 = 0. Suppose -4*p - 20 = r, -2734 = 3*n - p + 3*p. What is the tens digit of n/(-36) - (-4)/(-18)?
2
Let d(b) = 105*b**2 + 15*b - 40. What is the units digit of d(5)?
0
Let c be 1/((-3)/(-75)) - 3. What is the units digit of (-22)/(-5) - c/55?
4
Let m(s) = -3*s**2 + 20*s + 12. Let l be m(7). Let t = 11 + -6. Suppose t*i = 2*g - 0*g + 299, 5*g + 305 = l*i. What is the units digit of i?
9
Let t be -1*(-2 - (-1 + -1)). Suppose -c - 15 = 5*a, t*c - 3*c = 5*a + 5. Suppose -2*u + 36 = -3*p - c, 5*u = 4*p + 92. What is the tens digit of u?
1
What is the tens digit of -2 + (-4796)/(-14) - 27/(-63)?
4
Let i = -18 - -19. What is the units digit of i?
1
Let v be -4*((-22)/(-8) - 3). Suppose 0 = 2*s - v + 11, 4*d = 4*s + 36. What is the units digit of d?
4
Let t(g) = -2*g - 4. Let f be t(-8). Let w(z) = z**2 - 10*z + 2. What is the units digit of w(f)?
6
Suppose 0 = 4*g + 5*v - 5993, -4*g + 2*v + 6011 = v. What is the tens digit of g?
0
What is the units digit of -5 - -1 - (-98 + -4)?
8
Suppose 2042 = 16*s - 678. What is the units digit of s?
0
What is the units digit of (348/(-10))/(-8 - 770/(-100))?
6
What is the hundreds digit of 14574/8 + (-155)/(-620)?
8
Let o be ((-2)/(-3))/((-3)/(0 + -45)). Suppose 4*a = -o*a + 1624. What is the units digit of a?
6
Suppose -28*r + 11343 = -25*r. What is the units digit of r?
1
What is the units digit of (434 - -5)*(-2)/8*-4?
9
Suppose -4*x + 106 = 2*u, 3*u - 7*u + 212 = -4*x. Suppose 0 = s + 2 - 6. Suppose 137 = s*c + u. What is the tens digit of c?
2
Suppose 0 = 4*a + 3*c - 893, -a + 1117 = 4*a + 4*c. What is the hundreds digit of a?
2
Let p(g) = g**2 - 15*g + 17. Let m be p(14). Suppose 2*c - 69 = -m*w, 3*c - 8*w - 78 = -4*w. What is the units digit of c?
0
Let n(c) = c + 19. Let q = 8 - -5. Suppose -10*l + q*l = 0. What is the tens digit of n(l)?
1
Let o be (-3)/1 - (-20 + 4). Suppose 5*t - o = -4*s + 214, -3*s + 169 = 4*t. What is the tens digit of s?
6
Let h = 197 + 324. What is the hundreds digit of h?
5
Let g be ((-19)/(-6))/(21/(-126)). Let h be (-2)/4 - 89/2. Let m = g - h. What is the units digit of m?
6
Suppose 0 = -95*q + 99*q - 16. Suppose 3*v + 5*r - 247 - 212 = 0, -2*v + 304 = q*r. What is the tens digit of v?
5
Let a(q) = 2*q**3 + 4*q**2. Let j be a(2). Suppose j = -12*i + 16*i. What is the units digit of i?
8
Let i(t) = -t**2 - 14. Let y be i(0). Let m(s) = s**3 + 15*s**2 + 9*s + 15. What is the tens digit of m(y)?
8
Let n = 4164 + -6368. What is the units digit of n/(-22) + 4/(-22)?
0
Suppose 4*n + 8 = 4*w, -4*w - 2*n - 27 = n. Let g be 1*5/((-5)/w). Suppose -g*h + 50 = -73. What is the units digit of h?
1
Let n(k) = -4*k**3 + k**2 + k. Let d be n(-1). Suppose 0 = g + c + 2, -3*g - 2*c + d = -4*c. Suppose g = p + 4*p - 120. What is the units digit of p?
4
Let n = 2 - -2. Suppose -5*z + n*h + 316 = -201, -z + 4*h + 113 = 0. Suppose -95 = -4*f + z. What is the units digit of f?
9
Let p(q) = 66*q + 45. Let y(s) = 13*s + 9. Let r(i) = -4*p(i) + 22*y(i). What is the hundreds digit of r(7)?
1
Let f = -1 - 0. Let u be f/(-2) + 255/(-10). Let k = u + 56. What is the tens digit of k?
3
Suppose 8*q = 7*q. Let z(p) = -p**2 + 7. Let w be z(q). Let i(b) = 8*b - 1. What is the units digit of i(w)?
5
Let t(c) = -1. Let n(q) = -4*q + 33. Let k(s) = n(s) - 3*t(s). What is the tens digit of k(0)?
3
Let g be 1/(-2)*(-8)/2. Suppose 2*c + 156 = g*l, 5*l + 5*c - 360 = 60. Suppose 3*s - l = k, -2*k = -4*s + 81 + 27. What is the tens digit of s?
2
What is the tens digit of (-3170)/(-6)*(-156)/(-130)?
3
Suppose 4*b - 11*q - 1368 = -10*q, -4*q + 1689 = 5*b. What is the tens digit of b?
4
Let j = -42 - -152. What is the units digit of j?
0
Let s = -341 + 775. Suppose -7*v = -s - 378. Suppose -2*i - 3*t = -128, 0 = -4*i + 5*t + 118 + v. What is the tens digit of i?
6
What is the hundreds digit of ((-876)/30)/((-5)/150)?
8
Let f(q) = 7*q**2 - 5*q**2 - 4 - 11*q**2 + 7*q - q**3. What is the units digit of f(-10)?
6
Suppose -2*y - 1725 = 47. What is the units digit of 8/(-28) - y/14?
3
Suppose -22 = u - 8. Let a = u + 25. What is the tens digit of a?
1
Suppose 5*u - 14 = -l, 5*u = 5*l - 0*l + 20. Let d(p) = 0*p**3 - 4*p**2 - 8*p**2 + p**3 - u - 13*p + 6. What is the units digit of d(13)?
3
Suppose 4*s + 7 + 9 = 2*t, -4*t - 3*s + 10 = 0. Let a(b) = 13*b**3 - 2*b**2 + 2*b - 1. Let x be a(1). What is the tens digit of (t/x)/((-2)/(-174))?
2
Let r = -24 - -27. Suppose 6*k - z = 3*k + 221, 3*z = r. What is the units digit of k?
4
Let s(u) = u**3 - 5*u**2 - 5*u - 1. Let z be s(6). What is the tens digit of -3 - (-5)/(z/23)?
2
Let d(n) = n**3 - 8*n**2 + 8. Suppose -i + 5 = -3. What is the units digit of d(i)?
8
What is the hundreds digit of (-1)/(-3) - 5515/(-15)?
3
Let p(k) = -5*k - 6. Let i be p(-2). Let l = i + 25. Let t = l - -1. What is the tens digit of t?
3
Let x = -6 - -11. Suppose -3*g + x = 4*b, -5*b + 5*g = -5 - 10. Suppose -10 = -3*k + b*k. What is the tens digit of k?
1
Suppose 8*g - 7 = 3*g + 4*t, 0 = 2*g + 4*t - 14. Let q be (-193)/(-4) - g/(-4). Let i = q - 34. What is the tens digit of i?
1
Suppose -2527 = -8*l + 313. What is the units digit of l?
5
Let c = -7 + 11. Suppose c*a - 158 = 154. What is the units digit of 1 + (-3)/(-6)*a?
0
Suppose 0 = 4*i + 999 - 23. Let y = i + 397. What is the units digit of y?
3
What is the thousands digit of (-2)/(-10) - ((-59472)/40 + 8)?
1
Let o(w) = -w**3 + 25*w**2 - 25*w + 25. What is the hundreds digit of o(23)?
5
Let l = 3 + 0. Suppose 0 = -3*p + 3*x + 195, x + 260 = 4*p + l*x. Let r = 116 - p. What is the tens digit of r?
5
What is the hundreds digit of 113311/77 + -4*(-1)/(-7)?
4
Let a be (2/(-3))/((-4)/18). Suppose -a*u - 17 = -2*k + 2*u, 0 = -4*u - 4. What is the units digit of k?
6
Let z = 39 - 33. What is the units digit of (66/(-5))/(z/(-20))?
4
Suppose 3*j = -4*p + 930, -2*p - j = -5*j - 454. What is the tens digit of p?
3
Suppose -3*n = -2*n - 3*v - 6299, 4*v = -4*n + 25276. What is the units digit of n?
4
Suppose -29 + 5 = -3*y. What is the tens digit of -22*180/y*1/(-5)?
9
Suppose -2*q + 2 = -2*b + 8, 2*q = -6. Suppose 3*r + 12 = 5*s - 15, 2*r + 8 = b. Suppose i + i - 3*o - 26 = 0, i + s*o - 13 = 0. What is the units digit of i?
3
Let t = 10 + -23. Let g(z) = -z**3 + 6*z**2 - z - 4. Let d be g(4). Let a = t + d. What is the units digit of a?
1
Let r(v) = 3811*v**3 + 3*v**2 - 5*v + 4. What is the tens digit of r(1)?
1
Suppose -9*a = 1078 - 30922. What is the tens digit of a?
1
Let i(d) = 2*d**3 + d**2 - d + 86. Suppose 5*p - k = 3, 9 = -2*k - k. What is the units digit of i(p)?
6
What is the units digit of 5340184/2046 - (-2)/(-33)?
0
Let m(j) = -7*j**2 + 6*j - 11. Let f(h) = 6*h**2 - 6*h + 10. Let q(w) = 6*f(w) + 5*m(w). Let t be q(5). Let g = 23 + t. What is the tens digit of g?
2
Let i(k) = -3*k**3 + k**2 - k + 3. Let o = -5 + 4. Let a be (6/9)/(o/3). What is the units digit of i(a)?
3
Let j(o) be the first derivative of 7*o**2/2 - 13*o - 4. What is the units digit of j(7)?
6
Let x be (92/(-6))/((-4)/(-78)). Let i = x + 601. What is the units digit of i?
2
What is the tens digit of (-4661)/(-3) + (-285